{"id":3606,"date":"2019-09-19T15:13:15","date_gmt":"2019-09-19T18:13:15","guid":{"rendered":"http:\/\/camaraadministrador.com.ar\/new\/?page_id=3606"},"modified":"2019-09-19T15:38:30","modified_gmt":"2019-09-19T18:38:30","slug":"la-camara-2","status":"publish","type":"page","link":"http:\/\/camaraadministrador.com.ar\/new\/la-camara-2\/","title":{"rendered":"Asociate"},"content":{"rendered":"\n<form  class=\"kaliforms-form-container bootstrap-wrapper  \" data-form-id=\"3609\" style=\"opacity:0\"><h3>Asociate<\/h3><div id=\"kaliforms-global-error-message-3609\" class=\"global-error-message\"><\/div><div class=\"row kali-form-field-row\"><div class=\"col-12 col-md-12 \"><span  data-internal-id=\"freetext0\" type=\"freeText\" id=\"greetings\">Completa el formulario para solicitar la asociaci\u00f3n a la Instituci\u00f3n. Nos contactaremos con vos para finalizar el tr\u00e1mite y otorgarte el n\u00famero de matr\u00edcula<\/span><\/div><\/div><div class=\"row kali-form-field-row\"><div class=\"col-12\"><hr \/><\/div><\/div><div class=\"row kali-form-field-row\"><div class=\"col-12 col-md-6 \"><label  for=\"first-name\">Nombre <span class=\"kali-required-mark\">*<\/span><\/label><input  data-internal-id=\"textbox2\" type=\"text\" id=\"first-name\" name=\"Nombre\" data-properties.type=\"text\" required ><\/div><div class=\"col-12 col-md-6 \"><label  for=\"last-name\">Apellido <span class=\"kali-required-mark\">*<\/span><\/label><input  data-internal-id=\"textbox3\" type=\"text\" id=\"last-name\" name=\"Apellido\" data-properties.type=\"text\" required ><\/div><\/div><div class=\"row kali-form-field-row\"><div class=\"col-12 col-md-6 \"><label  for=\"tipodesociedad\">Tipo de Sociedad<\/label><input  data-internal-id=\"textbox13\" type=\"text\" id=\"tipodesociedad\" name=\"tipodesociedad\" data-properties.type=\"text\" ><\/div><div class=\"col-12 col-md-6 \"><label  for=\"razonsocial\">Raz\u00f3n Social<\/label><input  data-internal-id=\"textbox11\" type=\"text\" id=\"razonsocial\" name=\"razonsocial\" data-properties.type=\"text\" ><\/div><\/div><div class=\"row kali-form-field-row\"><div class=\"col-12 col-md-6 \"><label  for=\"domiciliocomercial\">Domicilio Comercial <span class=\"kali-required-mark\">*<\/span><\/label><input  data-internal-id=\"textbox12\" type=\"text\" id=\"domiciliocomercial\" name=\"domiciliocomercial\" data-properties.type=\"text\" required ><\/div><div class=\"col-12 col-md-6 \"><label  for=\"telefonocomercial\">Tel\u00e9fono Comercial <span class=\"kali-required-mark\">*<\/span><\/label><input  data-internal-id=\"textbox15\" type=\"text\" id=\"telefonocomercial\" name=\"telefonocomercial\" data-properties.type=\"text\" required ><\/div><\/div><div class=\"row kali-form-field-row\"><div class=\"col-12 col-md-6 \"><label  for=\"tipoydni\">Tipo y N\u00fam. de Doc. <span class=\"kali-required-mark\">*<\/span><\/label><input  data-internal-id=\"textbox14\" type=\"text\" id=\"tipoydni\" name=\"tipoydni\" data-properties.type=\"text\" required ><\/div><div class=\"col-12 col-md-6 \"><label  for=\"localidad\">Localidad <span class=\"kali-required-mark\">*<\/span><\/label><input  data-internal-id=\"textbox16\" type=\"text\" id=\"localidad\" name=\"localidad\" data-properties.type=\"text\" required ><\/div><\/div><div class=\"row kali-form-field-row\"><div class=\"col-12 col-md-6 \"><label  for=\"fechadenacimiento\">Fecha de Nacimiento <span class=\"kali-required-mark\">*<\/span><\/label><input data-internal-id=\"date17\" type=\"date\" id=\"fechadenacimiento\" name=\"fechadenacimiento\"required  class=\"input\"><\/div><div class=\"col-12 col-md-6 \"><label  for=\"email\">Email <span class=\"kali-required-mark\">*<\/span><\/label><input  data-internal-id=\"textbox4\" type=\"text\" id=\"email\" name=\"email\" data-properties.type=\"text\" required ><\/div><\/div><div class=\"row kali-form-field-row\"><div class=\"col-12\"><hr \/><\/div><\/div><div class=\"row kali-form-field-row\"><div class=\"col-12 col-md-12 \"><input  data-internal-id=\"submitbutton6\" type=\"submit\" id=\"submit\" class=\"input\" value=\"ASOCIARSE\" ><\/div><\/div><!-- This form was built using Kali Forms --><\/form>\n","protected":false},"excerpt":{"rendered":"","protected":false},"author":1,"featured_media":0,"parent":0,"menu_order":0,"comment_status":"closed","ping_status":"closed","template":"","meta":{"footnotes":""},"class_list":["post-3606","page","type-page","status-publish","hentry"],"_links":{"self":[{"href":"http:\/\/camaraadministrador.com.ar\/new\/wp-json\/wp\/v2\/pages\/3606"}],"collection":[{"href":"http:\/\/camaraadministrador.com.ar\/new\/wp-json\/wp\/v2\/pages"}],"about":[{"href":"http:\/\/camaraadministrador.com.ar\/new\/wp-json\/wp\/v2\/types\/page"}],"author":[{"embeddable":true,"href":"http:\/\/camaraadministrador.com.ar\/new\/wp-json\/wp\/v2\/users\/1"}],"replies":[{"embeddable":true,"href":"http:\/\/camaraadministrador.com.ar\/new\/wp-json\/wp\/v2\/comments?post=3606"}],"version-history":[{"count":2,"href":"http:\/\/camaraadministrador.com.ar\/new\/wp-json\/wp\/v2\/pages\/3606\/revisions"}],"predecessor-version":[{"id":3610,"href":"http:\/\/camaraadministrador.com.ar\/new\/wp-json\/wp\/v2\/pages\/3606\/revisions\/3610"}],"wp:attachment":[{"href":"http:\/\/camaraadministrador.com.ar\/new\/wp-json\/wp\/v2\/media?parent=3606"}],"curies":[{"name":"wp","href":"https:\/\/api.w.org\/{rel}","templated":true}]}}