{"id":3736,"date":"2019-11-08T16:19:38","date_gmt":"2019-11-08T19:19:38","guid":{"rendered":"http:\/\/camaraadministrador.com.ar\/new\/?page_id=3736"},"modified":"2026-04-08T13:14:41","modified_gmt":"2026-04-08T16:14:41","slug":"honorarios","status":"publish","type":"page","link":"http:\/\/camaraadministrador.com.ar\/new\/honorarios\/","title":{"rendered":"Honorarios"},"content":{"rendered":"\t\t<div data-elementor-type=\"wp-page\" data-elementor-id=\"3736\" class=\"elementor elementor-3736\" data-elementor-post-type=\"page\">\n\t\t\t\t\t\t<section class=\"elementor-section elementor-top-section elementor-element elementor-element-a342c61 elementor-section-boxed elementor-section-height-default elementor-section-height-default\" data-id=\"a342c61\" data-element_type=\"section\">\n\t\t\t\t\t\t<div class=\"elementor-container elementor-column-gap-default\">\n\t\t\t\t\t<div class=\"elementor-column elementor-col-100 elementor-top-column elementor-element elementor-element-3cab76f\" data-id=\"3cab76f\" data-element_type=\"column\">\n\t\t\t<div class=\"elementor-widget-wrap elementor-element-populated\">\n\t\t\t\t\t\t<div class=\"elementor-element elementor-element-5606ee7 elementor-widget elementor-widget-text-editor\" data-id=\"5606ee7\" data-element_type=\"widget\" data-widget_type=\"text-editor.default\">\n\t\t\t\t<div class=\"elementor-widget-container\">\n\t\t\t\t\t\t\t\t\t<p><b>Detallamos a continuaci\u00f3n la actualizaci\u00f3n de la Escala de Honorarios correspondientes a la\u00a0<\/b><b>Administraci\u00f3n de Edificios,\u00a0<\/b><\/p>\t\t\t\t\t\t\t\t<\/div>\n\t\t\t\t<\/div>\n\t\t\t\t<div class=\"elementor-element elementor-element-932b135 elementor-widget elementor-widget-text-editor\" data-id=\"932b135\" data-element_type=\"widget\" data-widget_type=\"text-editor.default\">\n\t\t\t\t<div class=\"elementor-widget-container\">\n\t\t\t\t\t\t\t\t\t<p>De 0 hasta 10 unidades $352.382.-<br>De 11 hasta 20 unidades $466.850.-<\/p>\n<p><strong>El valor por unidad funcional que se adiciona al m\u00ednimo anterior, es el que se detalla <\/strong><strong>dentro de las siguientes escalas:<\/strong><br>Consorcios de 21 hasta 40 unidades $ 21.599.- por unidad funcional<br>De 41 a 80 unidades $ 17.725.- por unidad adicional<br>De 81 a 200 unidades $14.482.- por unidad adicional<br>M\u00e1s de 200 unidades $11.586.- por unidad adicional<\/p>\n<p><strong>En los casos de cocheras y espacios guardacoches:<\/strong><br>Las primeras 80 unidades $10.469.- por unidad<br>Las siguientes hasta 200 cocheras o espacios $7.645.- por unidad adicional.<br>M\u00e1s de 200 $4.343.- por unidad adicional.<\/p>\n<p>Se deja aclarado que los valores corresponden a la generalidad operativa de los Consorcios.&nbsp; Se deber\u00e1 tener en cuenta en el resto de ellos los requerimientos especiales del servicio, las caracter\u00edsticas t\u00e9cnicas del edificio y la superficie de las unidades funcionales.<\/p>\n<p><b><i>Por otra parte, en virtud del c\u00famulo de la diversidad de tareas que los Administradores han debido absorber en los \u00faltimos tiempos,&nbsp;se han establecido como&nbsp;Arancel Adicional las siguientes sumas:<\/i><\/b><\/p>\n<p><span style=\"font-weight: 400;\">Emisi\u00f3n de Certificados de Deuda Simples&nbsp;<\/span>$ 80.000.-<\/p>\t\t\t\t\t\t\t\t<\/div>\n\t\t\t\t<\/div>\n\t\t\t\t<div class=\"elementor-element elementor-element-54c3205 elementor-widget elementor-widget-text-editor\" data-id=\"54c3205\" data-element_type=\"widget\" data-widget_type=\"text-editor.default\">\n\t\t\t\t<div class=\"elementor-widget-container\">\n\t\t\t\t\t\t\t\t\t<p><b style=\"color: var( --e-global-color-text ); font-family: var( --e-global-typography-text-font-family ), Sans-serif;\"><i>Nota:<\/i><\/b><i style=\"color: var( --e-global-color-text ); font-family: var( --e-global-typography-text-font-family ), Sans-serif;\">&nbsp;En los Consorcios con servicios comunes, centrales, confort y de s\u00faper confort se establece un incremento de un 20% sobre los valores detallados.-&nbsp;<\/i><\/p>\n<p><b><i>&nbsp;NORMAS DE ETICA<br><\/i><\/b><i style=\"color: var( --e-global-color-text ); font-family: var( --e-global-typography-text-font-family ), Sans-serif;\">Se recomienda a todos los asociados respetar los Honorarios Sugeridos por esta C\u00e1mara. A tal efecto se transcribe el Art. 2 de las Normas de \u00c9tica de esta instituci\u00f3n:&nbsp;<\/i><\/p>\n<p><\/p>\n<p><b><i>&nbsp;\u201cEL ADMINISTRADOR DEBE MANTENER EL HONOR Y LA DIGNIDAD PROFESIONAL. NO SOLAMENTE ES UN DERECHO, SINO UN DEBER COMBATIR POR TODOS LOS MEDIOS LICITOS, LA CONDUCTA CENSURABLE DE OTROS COLEGAS Y DENUNCIARLA A LAS AUTORIDADES COMPETENTES O A LA CAMARA DE ADMINISTRADORES.\u201d<\/i><\/b><\/p>\n<p><span style=\"color: var( --e-global-color-text ); font-family: var( --e-global-typography-text-font-family ), Sans-serif;\"><i style=\"font-weight: bold;\">CONSEJO DIRECTIVO<\/i><br><\/span><b style=\"color: var( --e-global-color-text ); font-family: var( --e-global-typography-text-font-family ), Sans-serif;\"><i>C.A.P.H.P.B.A.<\/i><\/b><span style=\"color: var( --e-global-color-text ); font-family: var( --e-global-typography-text-font-family ), Sans-serif;\">&nbsp;<\/span><\/p>\n<p><br style=\"font-weight: 400;\"><br style=\"font-weight: 400;\"><\/p>\t\t\t\t\t\t\t\t<\/div>\n\t\t\t\t<\/div>\n\t\t\t\t\t<\/div>\n\t\t<\/div>\n\t\t\t\t\t<\/div>\n\t\t<\/section>\n\t\t\t\t<\/div>\n\t\t","protected":false},"excerpt":{"rendered":"<p>Detallamos a continuaci\u00f3n la actualizaci\u00f3n de la Escala de Honorarios correspondientes a la\u00a0Administraci\u00f3n de Edificios,\u00a0 De 0 hasta 10 unidades $352.382.-De 11 hasta 20 unidades $466.850.- El valor por unidad funcional que se adiciona al m\u00ednimo anterior, es el que se detalla dentro de las siguientes escalas:Consorcios de 21 hasta 40 unidades $ 21.599.- por unidad funcionalDe 41 a 80 unidades $ 17.725.- por unidad adicionalDe 81 a 200 unidades $14.482.- por unidad adicionalM\u00e1s de 200 unidades $11.586.- por unidad&hellip;<\/p>\n","protected":false},"author":1,"featured_media":0,"parent":0,"menu_order":0,"comment_status":"closed","ping_status":"closed","template":"","meta":{"footnotes":""},"class_list":["post-3736","page","type-page","status-publish","hentry"],"_links":{"self":[{"href":"http:\/\/camaraadministrador.com.ar\/new\/wp-json\/wp\/v2\/pages\/3736"}],"collection":[{"href":"http:\/\/camaraadministrador.com.ar\/new\/wp-json\/wp\/v2\/pages"}],"about":[{"href":"http:\/\/camaraadministrador.com.ar\/new\/wp-json\/wp\/v2\/types\/page"}],"author":[{"embeddable":true,"href":"http:\/\/camaraadministrador.com.ar\/new\/wp-json\/wp\/v2\/users\/1"}],"replies":[{"embeddable":true,"href":"http:\/\/camaraadministrador.com.ar\/new\/wp-json\/wp\/v2\/comments?post=3736"}],"version-history":[{"count":58,"href":"http:\/\/camaraadministrador.com.ar\/new\/wp-json\/wp\/v2\/pages\/3736\/revisions"}],"predecessor-version":[{"id":4533,"href":"http:\/\/camaraadministrador.com.ar\/new\/wp-json\/wp\/v2\/pages\/3736\/revisions\/4533"}],"wp:attachment":[{"href":"http:\/\/camaraadministrador.com.ar\/new\/wp-json\/wp\/v2\/media?parent=3736"}],"curies":[{"name":"wp","href":"https:\/\/api.w.org\/{rel}","templated":true}]}}